?
False
Is 19283278 a multiple of 15?
False
Does 634 divide 1163872533?
False
Does 6 divide 53388714?
True
Is 79 a factor of 1661554939?
True
Does 178 divide 1053152486?
True
Is 8416096 a multiple of 104?
True
Does 25 divide 30866273?
False
Is 3 a factor of 119548474?
False
Does 17 divide 76516751?
False
Does 44 divide 1359697105?
False
Is 110752486 a multiple of 24?
False
Is 5420 a factor of 1604924460?
False
Is 18 a factor of 1225593345?
False
Is 4250836353 a multiple of 111?
True
Does 8 divide 1030787408?
True
Does 28 divide 3814405616?
True
Is 2097690 a multiple of 135?
False
Is 1219 a factor of 384716400?
True
Does 84 divide 10129728?
True
Is 264 a factor of 1280004792?
True
Is 57 a factor of 194913206?
False
Is 7 a factor of 34774873?
True
Is 430932829 a multiple of 31?
True
Does 19 divide 1085824703?
False
Is 42857310 a multiple of 84?
False
Is 9754339 a multiple of 12?
False
Is 4293 a factor of 60162102?
True
Is 987 a factor of 36498237?
False
Is 35 a factor of 8852200?
True
Is 36 a factor of 107340156?
True
Is 2523237052 a multiple of 3039?
False
Does 71 divide 238505756?
True
Is 75 a factor of 786361125?
True
Is 3682210840 a multiple of 5390?
True
Is 93 a factor of 97269610?
False
Is 1975921960 a multiple of 317?
False
Does 197 divide 301010688?
False
Is 889798 a multiple of 26?
True
Does 473 divide 75282680?
True
Is 2631464953 a multiple of 3029?
True
Is 180599027 a multiple of 15?
False
Does 21 divide 29252202?
True
Is 119 a factor of 60503286?
False
Does 7 divide 87321528?
True
Is 2793510 a multiple of 9?
True
Is 9802220 a multiple of 1480?
False
Does 17 divide 254972071?
False
Does 208 divide 1114668959?
False
Is 49571862 a multiple of 813?
True
Does 11 divide 7329440596?
False
Does 55 divide 150382142?
False
Does 312 divide 230699976?
True
Does 123 divide 4682406558?
True
Does 16 divide 49751904?
True
Is 2775843627 a multiple of 614?
False
Is 1807667614 a multiple of 41?
True
Is 192407671 a multiple of 87?
False
Is 1264 a factor of 183967025?
False
Does 6 divide 10082216?
False
Is 67130100 a multiple of 92?
True
Does 500 divide 3702962178?
False
Is 143 a factor of 21963513?
True
Is 17 a factor of 1207949735?
False
Is 423653376 a multiple of 276?
True
Is 6 a factor of 85507206?
True
Does 1003 divide 27043889?
True
Is 91 a factor of 28734388?
False
Is 14 a factor of 2755368134?
False
Does 48 divide 618621699?
False
Is 2 a factor of 33154395?
False
Is 1521110016 a multiple of 1728?
True
Is 601444205 a multiple of 32?
False
Is 1163126916 a multiple of 294?
True
Does 3 divide 224594366?
False
Is 319 a factor of 812868144?
True
Is 1031537415 a multiple of 7?
False
Is 660 a factor of 1009993077?
False
Is 68 a factor of 91890438?
False
Does 402 divide 35000317?
False
Is 52542596 a multiple of 478?
False
Is 4 a factor of 1883575736?
True
Does 146 divide 282988670?
False
Does 543 divide 17264053?
False
Is 1672809 a multiple of 2?
False
Is 2168 a factor of 234640472?
True
Is 287 a factor of 1405155444?
True
Is 39 a factor of 82757922?
True
Is 445510104 a multiple of 12?
True
Does 37 divide 31427756?
False
Is 25 a factor of 36820750?
True
Does 201 divide 191068590?
True
Does 37 divide 58057477?
True
Is 17 a factor of 861661881?
True
Is 66253454 a multiple of 5?
False
Does 633 divide 1746662054?
False
Does 18 divide 2512761523?
False
Does 1458 divide 16823862?
True
Is 5768346 a multiple of 7?
False
Does 65 divide 489319805?
True
Is 77902888 a multiple of 31?
False
Is 855 a factor of 2619087790?
False
Is 142124560 a multiple of 1503?
False
Does 546 divide 317962554?
True
Is 45 a factor of 1629107505?
True
Does 36 divide 8307000?
True
Is 3231654202 a multiple of 1082?
False
Is 665 a factor of 105332439?
False
Is 8294 a factor of 3139950814?
True
Does 17 divide 95376477?
True
Does 32 divide 6663545?
False
Does 2 divide 542738?
True
Is 59 a factor of 32443790?
False
Is 8056 a factor of 1188783640?
True
Is 698895 a multiple of 45?
True
Does 72 divide 665859093?
False
Is 598439271 a multiple of 14?
False
Is 6303970 a multiple of 10?
True
Is 29503200 a multiple of 2850?
True
Is 4 a factor of 287706020?
True
Is 55122340 a multiple of 1612?
True
Does 12 divide 576861576?
True
Is 64813034 a multiple of 22?
True
Does 43 divide 311941717?
False
Is 461 a factor of 65695504?
False
Does 33 divide 37795731?
False
Is 442 a factor of 18881251?
False
Is 14 a factor of 4305350?
True
Is 1967470053 a multiple of 447?
True
Is 2822 a factor of 28272168?
False
Is 52377420 a multiple of 381?
False
Does 12 divide 155113169?
False
Does 163 divide 352171932?
True
Is 159608702 a multiple of 209?
True
Does 1818 divide 2840846796?
True
Is 9 a factor of 2115850059?
True
Does 11 divide 254088744?
False
Is 6 a factor of 123609262?
False
Does 1996 divide 1389613204?
True
Does 357 divide 25787803?
False
Does 56 divide 8665329?
False
Is 348 a factor of 7986252?
True
Is 506679213 a multiple of 87?
True
Is 40 a factor of 76957692?
False
Does 410 divide 309015896?
False
Is 10 a factor of 2082448738?
False
Is 5 a factor of 423362672?
False
Is 29 a factor of 6083865?
False
Is 83 a factor of 2958977?
False
Is 18 a factor of 321454384?
False
Is 4262896 a multiple of 53?
True
Does 2070 divide 37841917?
False
Does 101 divide 1799880719?
False
Does 11538 divide 76600782?
True
Is 145 a factor of 22619989?
False
Does 10 divide 716879530?
True
Does 11 divide 428811402?
False
Is 1781391 a multiple of 3?
True
Is 642 a factor of 253791948?
False
Is 1231692 a multiple of 186?
True
Does 7348 divide 442614128?
True
Does 1101 divide 44507925?
True
Is 403 a factor of 485999865?
True
Is 800490145 a multiple of 35?
True
Does 25 divide 372685300?
True
Does 23 divide 407043641?
False
Is 37649063 a multiple of 26?
False
Is 723 a factor of 20997444?
False
Is 16780656 a multiple of 12?
True
Is 14279685 a multiple of 41?
True
Does 1908 divide 63762670?
False
Is 176486780 a multiple of 69?
False
Is 11 a factor of 16041630?
True
Is 50986382 a multiple of 86?
False
Does 3 divide 31040192?
False
Is 65 a factor of 71097390?
True
Is 502778176 a multiple of 1504?
True
Is 1705466400 a multiple of 60?
True
Is 3 a factor of 86387?
False
Is 81 a factor of 2870945970?
False
Does 500 divide 265914500?
True
Is 956090775 a multiple of 8?
False
Is 31942524 a multiple of 204?
True
Is 213164500 a multiple of 23?
False
Is 36 a factor of 678507611?
False
Does 26 divide 58020944?
False
Is 78 a factor of 57703386?
True
Is 276 a factor of 3947361?
False
Does 272 divide 305773696?
True
Is 195 a factor of 358045740?
True
Is 431421816 a multiple of 15?
False
Is 10 a factor of 16688994?
False
Is 702230028 a multiple of 10?
False
Is 264 a factor of 18348204?
False
Does 6 divide 11458876?
False
Does 608 divide 9878452?
False
Is 114 a factor of 35550102?
True
Is 1154235600 a multiple of 120?
True
Is 504944688 a multiple of 12?
True
Does 351 divide 652319785?
False
Is 14037360 a multiple of 69?
True
Is 225044987 a multiple of 19?
True
Is 16 a factor of 1046083374?
False
Is 4424 a factor of 1914065720?
True
Is 9492081 a multiple of 17?
False
Is 1854622538 a multiple of 506?
False
Does 39 divide 2781631047?
True
Does 231 divide 2693492644?
False
Is 1940386 a multiple of 20?
False
Is 28 a factor of 1995410060?
True
Is 195 a factor of 1432410525?
True
Is 167 a factor of 76757040?
False
Is 4 a factor of 174488853?
False
Is 1055360274 a multiple of 2526?
True
Does 85 divide 7291616?
False
Does 270 divide 1243182086?
False
Does 2573 divide 82572716?
True
Is 2309427453 a multiple of 157?
True
Is 377747958 a multiple of 573?
True
Does 508 divide 479201341?
False
Is 7576914 even?
True
Is 303 a factor of 601056555?
True
Does 8 divide 16132365?
False
Does 4028 divide 166183196?
True
Is 88 a factor of 498609536?
False
Does 639 divide 483960069?
True
Is 126469110 a multiple of 126?
False
Does 448 divide 87253376?
True
Does 25 divide 52824575?
True
Is 454020952 a multiple of 88?
True
Is 63 a factor of 120792168?
True
Is 584779708 a multiple of 100?
False
Is 166 a factor of 632283868?
False
Does 87 divide 102249534?
True
Is 9 a factor of 628081?
False
Does 1108 divide 183159830?
False
Is 188 a factor of 33556694?
False
Is 50783835 a multiple of 15?
True
Is 45734528 a multiple of 28?
True
Is 3313409730 a multiple of 140?
False
Is 730447400 a multipl